0
In base 5, what is 420003 + 3011244?
3431302
In base 12, what is 75a30 + -8a?
75962
In base 11, what is -4490546 + -5?
-4490550
In base 14, what is 4 - 5ad17d?
-5ad179
In base 4, what is 11 + 232333230333?
232333231010
In base 4, what is -1001110232001210 - -3?
-1001110232001201
In base 12, what is 3 + 55444595?
55444598
In base 12, what is 4 + -ba3146?
-ba3142
In base 11, what is -1606 + -24422?
-25a28
In base 3, what is -2000012001201220 + 1?
-2000012001201212
In base 13, what is -102 + -621c?
-6321
In base 14, what is 4 - -28bd94?
28bd98
In base 6, what is 4413103 + 15124?
4432231
In base 12, what is 2474935 + -3?
2474932
In base 16, what is -40063f + 2?
-40063d
In base 3, what is 1022 + 12020200010010?
12020200011102
In base 15, what is -2687926 + 5?
-2687921
In base 7, what is 5 - 1020655641?
-1020655633
In base 4, what is 1130 + -3331211?
-3330021
In base 12, what is -5 + 33b061?
33b058
In base 2, what is 1001011101101001 + -100011011?
1001011001001110
In base 5, what is 110332321 + -12?
110332304
In base 16, what is -1 + 28d297?
28d296
In base 14, what is -16 + 817071?
817059
In base 7, what is -1402215 + -310?
-1402525
In base 12, what is 9 + -2b60420?
-2b60413
In base 2, what is 10 + -1101011011101110011001100?
-1101011011101110011001010
In base 5, what is -200333 - -312411?
112023
In base 4, what is -2122200 - 21332?
-2210132
In base 7, what is -1553 - -40160?
35304
In base 16, what is 0 + -178467c?
-178467c
In base 9, what is -408 + -103113?
-103522
In base 13, what is -287b + -3846b?
-3b019
In base 11, what is -2 - 6a07?
-6a09
In base 14, what is 304cc4 - -2?
304cc6
In base 4, what is -3 - -1223033122020?
1223033122011
In base 12, what is 5 - 6992180?
-6992177
In base 11, what is 389 + -110981?
-1105a3
In base 2, what is 101101010100110100 + 101110?
101101010101100010
In base 11, what is 64a16 - -a01?
65917
In base 11, what is 5909 - 1576?
4343
In base 12, what is -466684 - 92?
-466756
In base 5, what is 1240002032 + 0?
1240002032
In base 13, what is -798 + 2983?
21b8
In base 7, what is -2423201645 - -2?
-2423201643
In base 14, what is 94a - -88b3?
941d
In base 10, what is 198809 + 66?
198875
In base 11, what is 0 + -54279a2?
-54279a2
In base 13, what is 164a63 + -25?
164a3b
In base 12, what is 111 + -61755?
-61644
In base 16, what is -1057b + 246?
-10335
In base 7, what is 5 + -2363605?
-2363600
In base 3, what is -20002211111210211000 + 0?
-20002211111210211000
In base 10, what is -73 - -25839?
25766
In base 9, what is -1506 + 6523?
5016
In base 6, what is 12125455 + 10?
12125505
In base 12, what is -3 - -b923015?
b923012
In base 7, what is 32012611 - 21?
32012560
In base 10, what is 2833 - -8219?
11052
In base 2, what is 1000110100010010 - 11000100?
1000110001001110
In base 10, what is -357 - -692203?
691846
In base 8, what is 4666 - -75733?
102621
In base 12, what is -11b0 - -1861?
671
In base 13, what is 1530b3766 - -2?
1530b3768
In base 16, what is 638f539a - -4?
638f539e
In base 6, what is 325 - -50103503?
50104232
In base 7, what is -12234 + 102212?
56645
In base 10, what is 5 + 4433508?
4433513
In base 4, what is 23 + 10302321013?
10302321102
In base 11, what is 21a - -113a19?
114138
In base 5, what is 20 + 3040222301?
3040222321
In base 3, what is -1211110201201001 + 102?
-1211110201200122
In base 14, what is 8783 + 1a0?
8943
In base 3, what is -201122220 + -100120110?
-1002020100
In base 3, what is 20011110012110 - 1?
20011110012102
In base 12, what is -1609283a + -4?
-16092842
In base 12, what is -10a1 - 7bbb?
-90a0
In base 10, what is -5 - -37317103?
37317098
In base 4, what is -2 + 32332223100000?
32332223033332
In base 10, what is 12 + -15783484?
-15783472
In base 14, what is 37697727 + 3?
3769772a
In base 2, what is -100001000010100 + -10111?
-100001000101011
In base 13, what is -24 + 116323?
1162cc
In base 15, what is 2 + -1b8d75?
-1b8d73
In base 3, what is 110120 + 20210111?
21021001
In base 7, what is -264460 - -64?
-264363
In base 2, what is 1010111100 + 1001011110001?
1010110101101
In base 5, what is -12 + -22434443?
-22440010
In base 7, what is 5 - 361361102?
-361361064
In base 10, what is 248 - 4137438?
-4137190
In base 16, what is 4 + 1d2211?
1d2215
In base 13, what is 22 + -227a1?
-2277c
In base 11, what is -2833522 + 8?
-2833515
In base 8, what is -26473 + 1027?
-25444
In base 9, what is 14845 + -100?
14745
In base 16, what is -3d - -2a033c?
2a02ff
In base 6, what is 103545 - 5213?
54332
In base 7, what is -3 + 22023313?
22023310
In base 14, what is -3567586 - b?
-3567593
In base 13, what is 5a90c0 - 7?
5a90b6
In base 15, what is -1164 - -ca7?
-3ac
In base 13, what is -c49 + 33a?
-90c
In base 15, what is -4b1 + -3ea7?
-4468
In base 16, what is 1 - -222bbf?
222bc0
In base 7, what is -6166104 - 140?
-6166244
In base 14, what is aa4d - -990?
b5dd
In base 7, what is 14 + 23156006?
23156023
In base 5, what is 14014 + 134441?
204010
In base 16, what is 9c - 5f41?
-5ea5
In base 11, what is 84 - 1745a?
-17386
In base 15, what is -801 - 2367?
-2b68
In base 5, what is 1401131423 + 11?
1401131434
In base 3, what is 100222000 + -101201020?
-202020
In base 5, what is -10114401 + 131?
-10114220
In base 10, what is -85 + 54713?
54628
In base 12, what is 1a7 - b7a7?
-b600
In base 2, what is 1010111110001101000001101 - 0?
1010111110001101000001101
In base 14, what is -3 + 28a901?
28a8dc
In base 9, what is 11321 - -3108?
14430
In base 2, what is -10100010110011 - -1101000010?
-10010101110001
In base 6, what is -2040130 + 2553?
-2033133
In base 12, what is -2787811a - 14?
-27878132
In base 2, what is -1000111111011011101111101001 + 11?
-1000111111011011101111100110
In base 9, what is -27 + 12063235?
12063207
In base 4, what is -300133120 + -110302?
-300310022
In base 10, what is -12616 - 273?
-12889
In base 2, what is 110111000000001010001101110101 - -11?
110111000000001010001101111000
In base 7, what is -3210 - 6315?
-12525
In base 6, what is 12255402224 - -1?
12255402225
In base 13, what is -38cb91 - -24?
-38cb6a
In base 11, what is -91 - 11771a2?
-1177283
In base 14, what is 7347 + 2c8?
7631
In base 6, what is 33 + -23025100?
-23025023
In base 5, what is -32222123144 - -3?
-32222123141
In base 4, what is -1321011010111 + -12?
-1321011010123
In base 15, what is 5 - 35b21c?
-35b217
In base 2, what is 100010110011000001001 + -100001?
100010110010111101000
In base 5, what is -342112112 + 10?
-342112102
In base 6, what is 1 + 15112023?
15112024
In base 6, what is -2 + -455540?
-455542
In base 10, what is 15844729 - -7?
15844736
In base 15, what is 94dd49 - -17?
94dd61
In base 8, what is -6512 + -4204?
-12716
In base 11, what is -1362a6786 - -3?
-1362a6783
In base 14, what is -70803 + 2d?
-707b4
In base 10, what is -2796818 - -4?
-2796814
In base 6, what is -2051413 - -1513?
-2045500
In base 15, what is -155d0 + -3ad?
-1598d
In base 2, what is -11101110011000 - -100101011101000?
111101010000
In base 6, what is 141 + 201020022?
201020203
In base 13, what is a + 14c2707?
14c2714
In base 13, what is -3544 - -1601?
-1c43
In base 12, what is -4b77b + 120?
-4b65b
In base 4, what is -2211 - 10033033031?
-10033101302
In base 3, what is 210022000 - 121201011?
11120212
In base 8, what is 4 + 53636346?
53636352
In base 3, what is -2000221120221 + -12?
-2000221121010
In base 3, what is 12021111211001 - 1?
12021111211000
In base 11, what is -a02 + 2354?
1452
In base 6, what is 112030 - 4244?
103342
In base 3, what is 1002 + -2101221100012?
-2101221022010
In base 10, what is -4212 - -74277?
70065
In base 4, what is 2120 + 311100002?
311102122
In base 2, what is -100001000000010011010 + 10101?
-100001000000010000101
In base 9, what is 167215171 - -4?
167215175
In base 11, what is 410569 + -20?
410549
In base 16, what is 0 + -47497f?
-47497f
In base 2, what is -1111100011110 - 1111100?
-1111110011010
In base 11, what is 4 - -1a252943?
1a252947
In base 13, what is 5 + -354bc34?
-354bc2c
In base 7, what is 55412424 + 0?
55412424
In base 9, what is -150 - 388664?
-388824
In base 13, what is 5c73 + -1a0?
5aa3
In base 8, what is -13 + -51502012?
-51502025
In base 3, what is -2010101 - -22102111020?
22100100212
In base 11, what is 34663a4 - 2?
34663a2
In base 3, what is 110111 - -2010222200?
2011110011
In base 10, what is -11 + 36673824?
3667